{"id":38,"date":"2022-08-09T14:30:09","date_gmt":"2022-08-09T14:30:09","guid":{"rendered":"http:\/\/salvemhortalleida.cat\/?page_id=38"},"modified":"2022-08-20T08:10:34","modified_gmt":"2022-08-20T08:10:34","slug":"mat-i-cancer","status":"publish","type":"page","link":"https:\/\/salvemhortalleida.cat\/?page_id=38","title":{"rendered":"MAT I CANCER"},"content":{"rendered":"\n<p>Que diu al respecte la Uni\u00f3 Europea:<\/p>\n\n\n\n<p><a href=\"https:\/\/cordis.europa.eu\/article\/id\/15541-research-breakthrough-on-health-effects-of-pylons\/es\">\u00bfProgreso en la investigaci\u00f3n de los efectos de las torres de alta tensi\u00f3n sobre la salud?<\/a><\/p>\n\n\n\n<p>&#8220;Habitar en la cercan\u00eda de torres de alta tensi\u00f3n aumenta de forma notable el riesgo de contraer c\u00e1ncer&#8230;&#8221;<\/p>\n\n\n\n<p>Infertilitat femenina:<\/p>\n\n\n\n<p><a href=\"https:\/\/pubmed.ncbi.nlm.nih.gov\/30685773\/\">Exposure to Electromagnetic Fields of High Voltage Overhead Power Lines and Female Infertility<\/a><\/p>\n\n\n\n<p><\/p>\n\n\n\n<p><\/p>\n","protected":false},"excerpt":{"rendered":"<p>Que diu al respecte la Uni\u00f3 Europea: \u00bfProgreso en la investigaci\u00f3n de los efectos de las torres de alta tensi\u00f3n sobre la salud? &#8220;Habitar en la cercan\u00eda de torres de alta tensi\u00f3n aumenta de forma notable el riesgo de contraer c\u00e1ncer&#8230;&#8221; Infertilitat femenina: Exposure to Electromagnetic Fields of High Voltage Overhead Power Lines and Female&hellip; <a class=\"more-link\" href=\"https:\/\/salvemhortalleida.cat\/?page_id=38\">Continueu llegint <span class=\"screen-reader-text\">MAT I CANCER<\/span><\/a><\/p>\n","protected":false},"author":1,"featured_media":0,"parent":0,"menu_order":0,"comment_status":"closed","ping_status":"closed","template":"","meta":{"footnotes":""},"class_list":["post-38","page","type-page","status-publish","hentry","entry"],"yoast_head":"<!-- This site is optimized with the Yoast SEO plugin v27.5 - https:\/\/yoast.com\/product\/yoast-seo-wordpress\/ -->\n<title>MAT I CANCER - Salvem l&#039;Horta de Lleida<\/title>\n<meta name=\"robots\" content=\"index, follow, max-snippet:-1, max-image-preview:large, max-video-preview:-1\" \/>\n<link rel=\"canonical\" href=\"https:\/\/salvemhortalleida.cat\/?page_id=38\" \/>\n<meta property=\"og:locale\" content=\"ca_ES\" \/>\n<meta property=\"og:type\" content=\"article\" \/>\n<meta property=\"og:title\" content=\"MAT I CANCER - Salvem l&#039;Horta de Lleida\" \/>\n<meta property=\"og:description\" content=\"Que diu al respecte la Uni\u00f3 Europea: \u00bfProgreso en la investigaci\u00f3n de los efectos de las torres de alta tensi\u00f3n sobre la salud? &#8220;Habitar en la cercan\u00eda de torres de alta tensi\u00f3n aumenta de forma notable el riesgo de contraer c\u00e1ncer&#8230;&#8221; Infertilitat femenina: Exposure to Electromagnetic Fields of High Voltage Overhead Power Lines and Female&hellip; Continueu llegint MAT I CANCER\" \/>\n<meta property=\"og:url\" content=\"https:\/\/salvemhortalleida.cat\/?page_id=38\" \/>\n<meta property=\"og:site_name\" content=\"Salvem l&#039;Horta de Lleida\" \/>\n<meta property=\"article:publisher\" content=\"https:\/\/www.facebook.com\/profile.php?id=100084390865993\" \/>\n<meta property=\"article:modified_time\" content=\"2022-08-20T08:10:34+00:00\" \/>\n<meta name=\"twitter:card\" content=\"summary_large_image\" \/>\n<meta name=\"twitter:site\" content=\"@Slvmhortalleida\" \/>\n<script type=\"application\/ld+json\" class=\"yoast-schema-graph\">{\"@context\":\"https:\\\/\\\/schema.org\",\"@graph\":[{\"@type\":\"WebPage\",\"@id\":\"https:\\\/\\\/salvemhortalleida.cat\\\/?page_id=38\",\"url\":\"https:\\\/\\\/salvemhortalleida.cat\\\/?page_id=38\",\"name\":\"MAT I CANCER - Salvem l&#039;Horta de Lleida\",\"isPartOf\":{\"@id\":\"https:\\\/\\\/salvemhortalleida.cat\\\/#website\"},\"datePublished\":\"2022-08-09T14:30:09+00:00\",\"dateModified\":\"2022-08-20T08:10:34+00:00\",\"breadcrumb\":{\"@id\":\"https:\\\/\\\/salvemhortalleida.cat\\\/?page_id=38#breadcrumb\"},\"inLanguage\":\"ca\",\"potentialAction\":[{\"@type\":\"ReadAction\",\"target\":[\"https:\\\/\\\/salvemhortalleida.cat\\\/?page_id=38\"]}]},{\"@type\":\"BreadcrumbList\",\"@id\":\"https:\\\/\\\/salvemhortalleida.cat\\\/?page_id=38#breadcrumb\",\"itemListElement\":[{\"@type\":\"ListItem\",\"position\":1,\"name\":\"Inici\",\"item\":\"https:\\\/\\\/salvemhortalleida.cat\\\/\"},{\"@type\":\"ListItem\",\"position\":2,\"name\":\"MAT I CANCER\"}]},{\"@type\":\"WebSite\",\"@id\":\"https:\\\/\\\/salvemhortalleida.cat\\\/#website\",\"url\":\"https:\\\/\\\/salvemhortalleida.cat\\\/\",\"name\":\"Salvem l&#039;Horta de Lleida\",\"description\":\"Es salvar Lleida !!!\",\"publisher\":{\"@id\":\"https:\\\/\\\/salvemhortalleida.cat\\\/#organization\"},\"potentialAction\":[{\"@type\":\"SearchAction\",\"target\":{\"@type\":\"EntryPoint\",\"urlTemplate\":\"https:\\\/\\\/salvemhortalleida.cat\\\/?s={search_term_string}\"},\"query-input\":{\"@type\":\"PropertyValueSpecification\",\"valueRequired\":true,\"valueName\":\"search_term_string\"}}],\"inLanguage\":\"ca\"},{\"@type\":\"Organization\",\"@id\":\"https:\\\/\\\/salvemhortalleida.cat\\\/#organization\",\"name\":\"Salvem l'Horta de Lleida\",\"url\":\"https:\\\/\\\/salvemhortalleida.cat\\\/\",\"logo\":{\"@type\":\"ImageObject\",\"inLanguage\":\"ca\",\"@id\":\"https:\\\/\\\/salvemhortalleida.cat\\\/#\\\/schema\\\/logo\\\/image\\\/\",\"url\":\"http:\\\/\\\/salvemhortalleida.cat\\\/wp-content\\\/uploads\\\/2022\\\/08\\\/cropped-WhatsApp-Image-2022-07-28-at-11.19.36.jpeg\",\"contentUrl\":\"http:\\\/\\\/salvemhortalleida.cat\\\/wp-content\\\/uploads\\\/2022\\\/08\\\/cropped-WhatsApp-Image-2022-07-28-at-11.19.36.jpeg\",\"width\":512,\"height\":512,\"caption\":\"Salvem l'Horta de Lleida\"},\"image\":{\"@id\":\"https:\\\/\\\/salvemhortalleida.cat\\\/#\\\/schema\\\/logo\\\/image\\\/\"},\"sameAs\":[\"https:\\\/\\\/www.facebook.com\\\/profile.php?id=100084390865993\",\"https:\\\/\\\/x.com\\\/Slvmhortalleida\",\"https:\\\/\\\/www.instagram.com\\\/salvemhortalleida\\\/\"]}]}<\/script>\n<!-- \/ Yoast SEO plugin. -->","yoast_head_json":{"title":"MAT I CANCER - Salvem l&#039;Horta de Lleida","robots":{"index":"index","follow":"follow","max-snippet":"max-snippet:-1","max-image-preview":"max-image-preview:large","max-video-preview":"max-video-preview:-1"},"canonical":"https:\/\/salvemhortalleida.cat\/?page_id=38","og_locale":"ca_ES","og_type":"article","og_title":"MAT I CANCER - Salvem l&#039;Horta de Lleida","og_description":"Que diu al respecte la Uni\u00f3 Europea: \u00bfProgreso en la investigaci\u00f3n de los efectos de las torres de alta tensi\u00f3n sobre la salud? &#8220;Habitar en la cercan\u00eda de torres de alta tensi\u00f3n aumenta de forma notable el riesgo de contraer c\u00e1ncer&#8230;&#8221; Infertilitat femenina: Exposure to Electromagnetic Fields of High Voltage Overhead Power Lines and Female&hellip; Continueu llegint MAT I CANCER","og_url":"https:\/\/salvemhortalleida.cat\/?page_id=38","og_site_name":"Salvem l&#039;Horta de Lleida","article_publisher":"https:\/\/www.facebook.com\/profile.php?id=100084390865993","article_modified_time":"2022-08-20T08:10:34+00:00","twitter_card":"summary_large_image","twitter_site":"@Slvmhortalleida","schema":{"@context":"https:\/\/schema.org","@graph":[{"@type":"WebPage","@id":"https:\/\/salvemhortalleida.cat\/?page_id=38","url":"https:\/\/salvemhortalleida.cat\/?page_id=38","name":"MAT I CANCER - Salvem l&#039;Horta de Lleida","isPartOf":{"@id":"https:\/\/salvemhortalleida.cat\/#website"},"datePublished":"2022-08-09T14:30:09+00:00","dateModified":"2022-08-20T08:10:34+00:00","breadcrumb":{"@id":"https:\/\/salvemhortalleida.cat\/?page_id=38#breadcrumb"},"inLanguage":"ca","potentialAction":[{"@type":"ReadAction","target":["https:\/\/salvemhortalleida.cat\/?page_id=38"]}]},{"@type":"BreadcrumbList","@id":"https:\/\/salvemhortalleida.cat\/?page_id=38#breadcrumb","itemListElement":[{"@type":"ListItem","position":1,"name":"Inici","item":"https:\/\/salvemhortalleida.cat\/"},{"@type":"ListItem","position":2,"name":"MAT I CANCER"}]},{"@type":"WebSite","@id":"https:\/\/salvemhortalleida.cat\/#website","url":"https:\/\/salvemhortalleida.cat\/","name":"Salvem l&#039;Horta de Lleida","description":"Es salvar Lleida !!!","publisher":{"@id":"https:\/\/salvemhortalleida.cat\/#organization"},"potentialAction":[{"@type":"SearchAction","target":{"@type":"EntryPoint","urlTemplate":"https:\/\/salvemhortalleida.cat\/?s={search_term_string}"},"query-input":{"@type":"PropertyValueSpecification","valueRequired":true,"valueName":"search_term_string"}}],"inLanguage":"ca"},{"@type":"Organization","@id":"https:\/\/salvemhortalleida.cat\/#organization","name":"Salvem l'Horta de Lleida","url":"https:\/\/salvemhortalleida.cat\/","logo":{"@type":"ImageObject","inLanguage":"ca","@id":"https:\/\/salvemhortalleida.cat\/#\/schema\/logo\/image\/","url":"http:\/\/salvemhortalleida.cat\/wp-content\/uploads\/2022\/08\/cropped-WhatsApp-Image-2022-07-28-at-11.19.36.jpeg","contentUrl":"http:\/\/salvemhortalleida.cat\/wp-content\/uploads\/2022\/08\/cropped-WhatsApp-Image-2022-07-28-at-11.19.36.jpeg","width":512,"height":512,"caption":"Salvem l'Horta de Lleida"},"image":{"@id":"https:\/\/salvemhortalleida.cat\/#\/schema\/logo\/image\/"},"sameAs":["https:\/\/www.facebook.com\/profile.php?id=100084390865993","https:\/\/x.com\/Slvmhortalleida","https:\/\/www.instagram.com\/salvemhortalleida\/"]}]}},"_links":{"self":[{"href":"https:\/\/salvemhortalleida.cat\/index.php?rest_route=\/wp\/v2\/pages\/38","targetHints":{"allow":["GET"]}}],"collection":[{"href":"https:\/\/salvemhortalleida.cat\/index.php?rest_route=\/wp\/v2\/pages"}],"about":[{"href":"https:\/\/salvemhortalleida.cat\/index.php?rest_route=\/wp\/v2\/types\/page"}],"author":[{"embeddable":true,"href":"https:\/\/salvemhortalleida.cat\/index.php?rest_route=\/wp\/v2\/users\/1"}],"replies":[{"embeddable":true,"href":"https:\/\/salvemhortalleida.cat\/index.php?rest_route=%2Fwp%2Fv2%2Fcomments&post=38"}],"version-history":[{"count":4,"href":"https:\/\/salvemhortalleida.cat\/index.php?rest_route=\/wp\/v2\/pages\/38\/revisions"}],"predecessor-version":[{"id":101,"href":"https:\/\/salvemhortalleida.cat\/index.php?rest_route=\/wp\/v2\/pages\/38\/revisions\/101"}],"wp:attachment":[{"href":"https:\/\/salvemhortalleida.cat\/index.php?rest_route=%2Fwp%2Fv2%2Fmedia&parent=38"}],"curies":[{"name":"wp","href":"https:\/\/api.w.org\/{rel}","templated":true}]}}

<p>Que diu al respecte la Unió Europea:</p>



<p><a href="https://cordis.europa.eu/article/id/15541-research-breakthrough-on-health-effects-of-pylons/es">¿Progreso en la investigación de los efectos de las torres de alta tensión sobre la salud?</a></p>



<p>&#8220;Habitar en la cercanía de torres de alta tensión aumenta de forma notable el riesgo de contraer cáncer&#8230;&#8221;</p>



<p>Infertilitat femenina:</p>



<p><a href="https://pubmed.ncbi.nlm.nih.gov/30685773/">Exposure to Electromagnetic Fields of High Voltage Overhead Power Lines and Female Infertility</a></p>



<p></p>



<p></p>

<p>Que diu al respecte la Unió Europea: ¿Progreso en la investigación de los efectos de las torres de alta tensión sobre la salud? &#8220;Habitar en la cercanía de torres de alta tensión aumenta de forma notable el riesgo de contraer cáncer&#8230;&#8221; Infertilitat femenina: Exposure to Electromagnetic Fields of High Voltage Overhead Power Lines and Female&hellip; <a class="more-link" href="https://salvemhortalleida.cat/?page_id=38">Continueu llegint <span class="screen-reader-text">MAT I CANCER</span></a></p>

<!-- This site is optimized with the Yoast SEO plugin v27.5 - https://yoast.com/product/yoast-seo-wordpress/ -->
<title>MAT I CANCER - Salvem l&#039;Horta de Lleida</title>
<meta name="robots" content="index, follow, max-snippet:-1, max-image-preview:large, max-video-preview:-1" />
<link rel="canonical" href="https://salvemhortalleida.cat/?page_id=38" />
<meta property="og:locale" content="ca_ES" />
<meta property="og:type" content="article" />
<meta property="og:title" content="MAT I CANCER - Salvem l&#039;Horta de Lleida" />
<meta property="og:description" content="Que diu al respecte la Unió Europea: ¿Progreso en la investigación de los efectos de las torres de alta tensión sobre la salud? &#8220;Habitar en la cercanía de torres de alta tensión aumenta de forma notable el riesgo de contraer cáncer&#8230;&#8221; Infertilitat femenina: Exposure to Electromagnetic Fields of High Voltage Overhead Power Lines and Female&hellip; Continueu llegint MAT I CANCER" />
<meta property="og:url" content="https://salvemhortalleida.cat/?page_id=38" />
<meta property="og:site_name" content="Salvem l&#039;Horta de Lleida" />
<meta property="article:publisher" content="https://www.facebook.com/profile.php?id=100084390865993" />
<meta property="article:modified_time" content="2022-08-20T08:10:34+00:00" />
<meta name="twitter:card" content="summary_large_image" />
<meta name="twitter:site" content="@Slvmhortalleida" />
<script type="application/ld+json" class="yoast-schema-graph">{"@context":"https:\/\/schema.org","@graph":[{"@type":"WebPage","@id":"https:\/\/salvemhortalleida.cat\/?page_id=38","url":"https:\/\/salvemhortalleida.cat\/?page_id=38","name":"MAT I CANCER - Salvem l&#039;Horta de Lleida","isPartOf":{"@id":"https:\/\/salvemhortalleida.cat\/#website"},"datePublished":"2022-08-09T14:30:09+00:00","dateModified":"2022-08-20T08:10:34+00:00","breadcrumb":{"@id":"https:\/\/salvemhortalleida.cat\/?page_id=38#breadcrumb"},"inLanguage":"ca","potentialAction":[{"@type":"ReadAction","target":["https:\/\/salvemhortalleida.cat\/?page_id=38"]}]},{"@type":"BreadcrumbList","@id":"https:\/\/salvemhortalleida.cat\/?page_id=38#breadcrumb","itemListElement":[{"@type":"ListItem","position":1,"name":"Inici","item":"https:\/\/salvemhortalleida.cat\/"},{"@type":"ListItem","position":2,"name":"MAT I CANCER"}]},{"@type":"WebSite","@id":"https:\/\/salvemhortalleida.cat\/#website","url":"https:\/\/salvemhortalleida.cat\/","name":"Salvem l&#039;Horta de Lleida","description":"Es salvar Lleida !!!","publisher":{"@id":"https:\/\/salvemhortalleida.cat\/#organization"},"potentialAction":[{"@type":"SearchAction","target":{"@type":"EntryPoint","urlTemplate":"https:\/\/salvemhortalleida.cat\/?s={search_term_string}"},"query-input":{"@type":"PropertyValueSpecification","valueRequired":true,"valueName":"search_term_string"}}],"inLanguage":"ca"},{"@type":"Organization","@id":"https:\/\/salvemhortalleida.cat\/#organization","name":"Salvem l'Horta de Lleida","url":"https:\/\/salvemhortalleida.cat\/","logo":{"@type":"ImageObject","inLanguage":"ca","@id":"https:\/\/salvemhortalleida.cat\/#\/schema\/logo\/image\/","url":"http:\/\/salvemhortalleida.cat\/wp-content\/uploads\/2022\/08\/cropped-WhatsApp-Image-2022-07-28-at-11.19.36.jpeg","contentUrl":"http:\/\/salvemhortalleida.cat\/wp-content\/uploads\/2022\/08\/cropped-WhatsApp-Image-2022-07-28-at-11.19.36.jpeg","width":512,"height":512,"caption":"Salvem l'Horta de Lleida"},"image":{"@id":"https:\/\/salvemhortalleida.cat\/#\/schema\/logo\/image\/"},"sameAs":["https:\/\/www.facebook.com\/profile.php?id=100084390865993","https:\/\/x.com\/Slvmhortalleida","https:\/\/www.instagram.com\/salvemhortalleida\/"]}]}</script>
<!-- / Yoast SEO plugin. -->

Que diu al respecte la Unió Europea: ¿Progreso en la investigación de los efectos de las torres de alta tensión sobre la salud? &#8220;Habitar en la cercanía de torres de alta tensión aumenta de forma notable el riesgo de contraer cáncer&#8230;&#8221; Infertilitat femenina: Exposure to Electromagnetic Fields of High Voltage Overhead Power Lines and Female&hellip; Continueu llegint MAT I CANCER
