{"id":67,"date":"2022-08-11T11:22:19","date_gmt":"2022-08-11T11:22:19","guid":{"rendered":"http:\/\/salvemhortalleida.cat\/?page_id=67"},"modified":"2022-09-25T11:17:54","modified_gmt":"2022-09-25T11:17:54","slug":"enllacos-a-noticies","status":"publish","type":"page","link":"https:\/\/salvemhortalleida.cat\/?page_id=67","title":{"rendered":"Enlla\u00e7os a noticies"},"content":{"rendered":"\n<ul class=\"wp-block-list\"><li><a rel=\"noreferrer noopener\" href=\"https:\/\/www.ccma.cat\/324\/la-plataforma-salvem-lhorta-de-lleida-sobrepassa-les-2-000-allegacions-previstes-inicialment\/noticia\/353970\/\" target=\"_blank\"><strong>324<\/strong> &#8211; La Plataforma Salvem l&#8217;Horta de Lleida sobrepassa les 2.000 al\u00b7legacions previstes inicialment<\/a><\/li><\/ul>\n\n\n\n<div class=\"wp-block-group\"><div class=\"wp-block-group__inner-container is-layout-flow wp-block-group-is-layout-flow\">\n<p><a href=\"https:\/\/www.ccma.cat\/tv3\/30-minuts\/conviure-amb-el-risc-a-30-minuts\/noticia\/3102973\/\" target=\"_blank\" rel=\"noreferrer noopener\">&#8220;Conviure amb el risc&#8221;, a &#8220;30 minuts&#8221;<\/a><\/p>\n\n\n\n<p><a href=\"https:\/\/www.ccma.cat\/tv3\/30-minuts\/conviure-amb-el-risc-a-30-minuts\/noticia\/3102973\/\" target=\"_blank\" rel=\"noreferrer noopener\">Fa gaireb\u00e9 un any i mig Tarragona va viure el pitjor accident de la hist\u00f2ria de la petroqu\u00edmica. Tres morts, 8 ferits i desenes de danys materials s\u00f3n algunes de les conseq\u00fc\u00e8ncies de l&#8217;explosi\u00f3 de la tarda del 14 de gener del 2020.<\/a><\/p>\n\n\n\n<p><a href=\"https:\/\/www.ccma.cat\/tv3\/alacarta\/sense-ficcio\/es-a-laire\/video\/5972247\/\" target=\"_blank\" rel=\"noreferrer noopener\">\u00c9s a l&#8217;aire<\/a><\/p>\n\n\n\n<p><a href=\"https:\/\/www.ccma.cat\/tv3\/alacarta\/sense-ficcio\/es-a-laire\/video\/5972247\/\" target=\"_blank\" rel=\"noreferrer noopener\">Segons l&#8217;Ag\u00e8ncia Europea del Medi Ambient, el principal focus contaminant de l&#8217;aire que respirem no \u00e9s el tr\u00e0nsit, sin\u00f3 la ind\u00fastria. Al centre del Camp de Tarragona, s&#8217;hi aixeca el Complex Petroqu\u00edmic de Tarragona.<\/a><\/p>\n<\/div><\/div>\n","protected":false},"excerpt":{"rendered":"<p>324 &#8211; La Plataforma Salvem l&#8217;Horta de Lleida sobrepassa les 2.000 al\u00b7legacions previstes inicialment &#8220;Conviure amb el risc&#8221;, a &#8220;30 minuts&#8221; Fa gaireb\u00e9 un any i mig Tarragona va viure el pitjor accident de la hist\u00f2ria de la petroqu\u00edmica. Tres morts, 8 ferits i desenes de danys materials s\u00f3n algunes de les conseq\u00fc\u00e8ncies de l&#8217;explosi\u00f3&hellip; <a class=\"more-link\" href=\"https:\/\/salvemhortalleida.cat\/?page_id=67\">Continueu llegint <span class=\"screen-reader-text\">Enlla\u00e7os a noticies<\/span><\/a><\/p>\n","protected":false},"author":1,"featured_media":0,"parent":0,"menu_order":0,"comment_status":"closed","ping_status":"closed","template":"","meta":{"footnotes":""},"class_list":["post-67","page","type-page","status-publish","hentry","entry"],"yoast_head":"<!-- This site is optimized with the Yoast SEO plugin v27.5 - https:\/\/yoast.com\/product\/yoast-seo-wordpress\/ -->\n<title>Enlla\u00e7os a noticies - Salvem l&#039;Horta de Lleida<\/title>\n<meta name=\"robots\" content=\"index, follow, max-snippet:-1, max-image-preview:large, max-video-preview:-1\" \/>\n<link rel=\"canonical\" href=\"https:\/\/salvemhortalleida.cat\/?page_id=67\" \/>\n<meta property=\"og:locale\" content=\"ca_ES\" \/>\n<meta property=\"og:type\" content=\"article\" \/>\n<meta property=\"og:title\" content=\"Enlla\u00e7os a noticies - Salvem l&#039;Horta de Lleida\" \/>\n<meta property=\"og:description\" content=\"324 &#8211; La Plataforma Salvem l&#8217;Horta de Lleida sobrepassa les 2.000 al\u00b7legacions previstes inicialment &#8220;Conviure amb el risc&#8221;, a &#8220;30 minuts&#8221; Fa gaireb\u00e9 un any i mig Tarragona va viure el pitjor accident de la hist\u00f2ria de la petroqu\u00edmica. Tres morts, 8 ferits i desenes de danys materials s\u00f3n algunes de les conseq\u00fc\u00e8ncies de l&#8217;explosi\u00f3&hellip; Continueu llegint Enlla\u00e7os a noticies\" \/>\n<meta property=\"og:url\" content=\"https:\/\/salvemhortalleida.cat\/?page_id=67\" \/>\n<meta property=\"og:site_name\" content=\"Salvem l&#039;Horta de Lleida\" \/>\n<meta property=\"article:publisher\" content=\"https:\/\/www.facebook.com\/profile.php?id=100084390865993\" \/>\n<meta property=\"article:modified_time\" content=\"2022-09-25T11:17:54+00:00\" \/>\n<meta name=\"twitter:card\" content=\"summary_large_image\" \/>\n<meta name=\"twitter:site\" content=\"@Slvmhortalleida\" \/>\n<meta name=\"twitter:label1\" content=\"Temps estimat de lectura\" \/>\n\t<meta name=\"twitter:data1\" content=\"1 minut\" \/>\n<script type=\"application\/ld+json\" class=\"yoast-schema-graph\">{\"@context\":\"https:\\\/\\\/schema.org\",\"@graph\":[{\"@type\":\"WebPage\",\"@id\":\"https:\\\/\\\/salvemhortalleida.cat\\\/?page_id=67\",\"url\":\"https:\\\/\\\/salvemhortalleida.cat\\\/?page_id=67\",\"name\":\"Enlla\u00e7os a noticies - Salvem l&#039;Horta de Lleida\",\"isPartOf\":{\"@id\":\"https:\\\/\\\/salvemhortalleida.cat\\\/#website\"},\"datePublished\":\"2022-08-11T11:22:19+00:00\",\"dateModified\":\"2022-09-25T11:17:54+00:00\",\"breadcrumb\":{\"@id\":\"https:\\\/\\\/salvemhortalleida.cat\\\/?page_id=67#breadcrumb\"},\"inLanguage\":\"ca\",\"potentialAction\":[{\"@type\":\"ReadAction\",\"target\":[\"https:\\\/\\\/salvemhortalleida.cat\\\/?page_id=67\"]}]},{\"@type\":\"BreadcrumbList\",\"@id\":\"https:\\\/\\\/salvemhortalleida.cat\\\/?page_id=67#breadcrumb\",\"itemListElement\":[{\"@type\":\"ListItem\",\"position\":1,\"name\":\"Inici\",\"item\":\"https:\\\/\\\/salvemhortalleida.cat\\\/\"},{\"@type\":\"ListItem\",\"position\":2,\"name\":\"Enlla\u00e7os a noticies\"}]},{\"@type\":\"WebSite\",\"@id\":\"https:\\\/\\\/salvemhortalleida.cat\\\/#website\",\"url\":\"https:\\\/\\\/salvemhortalleida.cat\\\/\",\"name\":\"Salvem l&#039;Horta de Lleida\",\"description\":\"Es salvar Lleida !!!\",\"publisher\":{\"@id\":\"https:\\\/\\\/salvemhortalleida.cat\\\/#organization\"},\"potentialAction\":[{\"@type\":\"SearchAction\",\"target\":{\"@type\":\"EntryPoint\",\"urlTemplate\":\"https:\\\/\\\/salvemhortalleida.cat\\\/?s={search_term_string}\"},\"query-input\":{\"@type\":\"PropertyValueSpecification\",\"valueRequired\":true,\"valueName\":\"search_term_string\"}}],\"inLanguage\":\"ca\"},{\"@type\":\"Organization\",\"@id\":\"https:\\\/\\\/salvemhortalleida.cat\\\/#organization\",\"name\":\"Salvem l'Horta de Lleida\",\"url\":\"https:\\\/\\\/salvemhortalleida.cat\\\/\",\"logo\":{\"@type\":\"ImageObject\",\"inLanguage\":\"ca\",\"@id\":\"https:\\\/\\\/salvemhortalleida.cat\\\/#\\\/schema\\\/logo\\\/image\\\/\",\"url\":\"http:\\\/\\\/salvemhortalleida.cat\\\/wp-content\\\/uploads\\\/2022\\\/08\\\/cropped-WhatsApp-Image-2022-07-28-at-11.19.36.jpeg\",\"contentUrl\":\"http:\\\/\\\/salvemhortalleida.cat\\\/wp-content\\\/uploads\\\/2022\\\/08\\\/cropped-WhatsApp-Image-2022-07-28-at-11.19.36.jpeg\",\"width\":512,\"height\":512,\"caption\":\"Salvem l'Horta de Lleida\"},\"image\":{\"@id\":\"https:\\\/\\\/salvemhortalleida.cat\\\/#\\\/schema\\\/logo\\\/image\\\/\"},\"sameAs\":[\"https:\\\/\\\/www.facebook.com\\\/profile.php?id=100084390865993\",\"https:\\\/\\\/x.com\\\/Slvmhortalleida\",\"https:\\\/\\\/www.instagram.com\\\/salvemhortalleida\\\/\"]}]}<\/script>\n<!-- \/ Yoast SEO plugin. -->","yoast_head_json":{"title":"Enlla\u00e7os a noticies - Salvem l&#039;Horta de Lleida","robots":{"index":"index","follow":"follow","max-snippet":"max-snippet:-1","max-image-preview":"max-image-preview:large","max-video-preview":"max-video-preview:-1"},"canonical":"https:\/\/salvemhortalleida.cat\/?page_id=67","og_locale":"ca_ES","og_type":"article","og_title":"Enlla\u00e7os a noticies - Salvem l&#039;Horta de Lleida","og_description":"324 &#8211; La Plataforma Salvem l&#8217;Horta de Lleida sobrepassa les 2.000 al\u00b7legacions previstes inicialment &#8220;Conviure amb el risc&#8221;, a &#8220;30 minuts&#8221; Fa gaireb\u00e9 un any i mig Tarragona va viure el pitjor accident de la hist\u00f2ria de la petroqu\u00edmica. Tres morts, 8 ferits i desenes de danys materials s\u00f3n algunes de les conseq\u00fc\u00e8ncies de l&#8217;explosi\u00f3&hellip; Continueu llegint Enlla\u00e7os a noticies","og_url":"https:\/\/salvemhortalleida.cat\/?page_id=67","og_site_name":"Salvem l&#039;Horta de Lleida","article_publisher":"https:\/\/www.facebook.com\/profile.php?id=100084390865993","article_modified_time":"2022-09-25T11:17:54+00:00","twitter_card":"summary_large_image","twitter_site":"@Slvmhortalleida","twitter_misc":{"Temps estimat de lectura":"1 minut"},"schema":{"@context":"https:\/\/schema.org","@graph":[{"@type":"WebPage","@id":"https:\/\/salvemhortalleida.cat\/?page_id=67","url":"https:\/\/salvemhortalleida.cat\/?page_id=67","name":"Enlla\u00e7os a noticies - Salvem l&#039;Horta de Lleida","isPartOf":{"@id":"https:\/\/salvemhortalleida.cat\/#website"},"datePublished":"2022-08-11T11:22:19+00:00","dateModified":"2022-09-25T11:17:54+00:00","breadcrumb":{"@id":"https:\/\/salvemhortalleida.cat\/?page_id=67#breadcrumb"},"inLanguage":"ca","potentialAction":[{"@type":"ReadAction","target":["https:\/\/salvemhortalleida.cat\/?page_id=67"]}]},{"@type":"BreadcrumbList","@id":"https:\/\/salvemhortalleida.cat\/?page_id=67#breadcrumb","itemListElement":[{"@type":"ListItem","position":1,"name":"Inici","item":"https:\/\/salvemhortalleida.cat\/"},{"@type":"ListItem","position":2,"name":"Enlla\u00e7os a noticies"}]},{"@type":"WebSite","@id":"https:\/\/salvemhortalleida.cat\/#website","url":"https:\/\/salvemhortalleida.cat\/","name":"Salvem l&#039;Horta de Lleida","description":"Es salvar Lleida !!!","publisher":{"@id":"https:\/\/salvemhortalleida.cat\/#organization"},"potentialAction":[{"@type":"SearchAction","target":{"@type":"EntryPoint","urlTemplate":"https:\/\/salvemhortalleida.cat\/?s={search_term_string}"},"query-input":{"@type":"PropertyValueSpecification","valueRequired":true,"valueName":"search_term_string"}}],"inLanguage":"ca"},{"@type":"Organization","@id":"https:\/\/salvemhortalleida.cat\/#organization","name":"Salvem l'Horta de Lleida","url":"https:\/\/salvemhortalleida.cat\/","logo":{"@type":"ImageObject","inLanguage":"ca","@id":"https:\/\/salvemhortalleida.cat\/#\/schema\/logo\/image\/","url":"http:\/\/salvemhortalleida.cat\/wp-content\/uploads\/2022\/08\/cropped-WhatsApp-Image-2022-07-28-at-11.19.36.jpeg","contentUrl":"http:\/\/salvemhortalleida.cat\/wp-content\/uploads\/2022\/08\/cropped-WhatsApp-Image-2022-07-28-at-11.19.36.jpeg","width":512,"height":512,"caption":"Salvem l'Horta de Lleida"},"image":{"@id":"https:\/\/salvemhortalleida.cat\/#\/schema\/logo\/image\/"},"sameAs":["https:\/\/www.facebook.com\/profile.php?id=100084390865993","https:\/\/x.com\/Slvmhortalleida","https:\/\/www.instagram.com\/salvemhortalleida\/"]}]}},"_links":{"self":[{"href":"https:\/\/salvemhortalleida.cat\/index.php?rest_route=\/wp\/v2\/pages\/67","targetHints":{"allow":["GET"]}}],"collection":[{"href":"https:\/\/salvemhortalleida.cat\/index.php?rest_route=\/wp\/v2\/pages"}],"about":[{"href":"https:\/\/salvemhortalleida.cat\/index.php?rest_route=\/wp\/v2\/types\/page"}],"author":[{"embeddable":true,"href":"https:\/\/salvemhortalleida.cat\/index.php?rest_route=\/wp\/v2\/users\/1"}],"replies":[{"embeddable":true,"href":"https:\/\/salvemhortalleida.cat\/index.php?rest_route=%2Fwp%2Fv2%2Fcomments&post=67"}],"version-history":[{"count":7,"href":"https:\/\/salvemhortalleida.cat\/index.php?rest_route=\/wp\/v2\/pages\/67\/revisions"}],"predecessor-version":[{"id":130,"href":"https:\/\/salvemhortalleida.cat\/index.php?rest_route=\/wp\/v2\/pages\/67\/revisions\/130"}],"wp:attachment":[{"href":"https:\/\/salvemhortalleida.cat\/index.php?rest_route=%2Fwp%2Fv2%2Fmedia&parent=67"}],"curies":[{"name":"wp","href":"https:\/\/api.w.org\/{rel}","templated":true}]}}

Enllaços a noticies

<ul class="wp-block-list"><li><a rel="noreferrer noopener" href="https://www.ccma.cat/324/la-plataforma-salvem-lhorta-de-lleida-sobrepassa-les-2-000-allegacions-previstes-inicialment/noticia/353970/" target="_blank"><strong>324</strong> &#8211; La Plataforma Salvem l&#8217;Horta de Lleida sobrepassa les 2.000 al·legacions previstes inicialment</a></li></ul>



<div class="wp-block-group"><div class="wp-block-group__inner-container is-layout-flow wp-block-group-is-layout-flow">
<p><a href="https://www.ccma.cat/tv3/30-minuts/conviure-amb-el-risc-a-30-minuts/noticia/3102973/" target="_blank" rel="noreferrer noopener">&#8220;Conviure amb el risc&#8221;, a &#8220;30 minuts&#8221;</a></p>



<p><a href="https://www.ccma.cat/tv3/30-minuts/conviure-amb-el-risc-a-30-minuts/noticia/3102973/" target="_blank" rel="noreferrer noopener">Fa gairebé un any i mig Tarragona va viure el pitjor accident de la història de la petroquímica. Tres morts, 8 ferits i desenes de danys materials són algunes de les conseqüències de l&#8217;explosió de la tarda del 14 de gener del 2020.</a></p>



<p><a href="https://www.ccma.cat/tv3/alacarta/sense-ficcio/es-a-laire/video/5972247/" target="_blank" rel="noreferrer noopener">És a l&#8217;aire</a></p>



<p><a href="https://www.ccma.cat/tv3/alacarta/sense-ficcio/es-a-laire/video/5972247/" target="_blank" rel="noreferrer noopener">Segons l&#8217;Agència Europea del Medi Ambient, el principal focus contaminant de l&#8217;aire que respirem no és el trànsit, sinó la indústria. Al centre del Camp de Tarragona, s&#8217;hi aixeca el Complex Petroquímic de Tarragona.</a></p>
</div></div>

<p>324 &#8211; La Plataforma Salvem l&#8217;Horta de Lleida sobrepassa les 2.000 al·legacions previstes inicialment &#8220;Conviure amb el risc&#8221;, a &#8220;30 minuts&#8221; Fa gairebé un any i mig Tarragona va viure el pitjor accident de la història de la petroquímica. Tres morts, 8 ferits i desenes de danys materials són algunes de les conseqüències de l&#8217;explosió&hellip; <a class="more-link" href="https://salvemhortalleida.cat/?page_id=67">Continueu llegint <span class="screen-reader-text">Enllaços a noticies</span></a></p>

<!-- This site is optimized with the Yoast SEO plugin v27.5 - https://yoast.com/product/yoast-seo-wordpress/ -->
<title>Enllaços a noticies - Salvem l&#039;Horta de Lleida</title>
<meta name="robots" content="index, follow, max-snippet:-1, max-image-preview:large, max-video-preview:-1" />
<link rel="canonical" href="https://salvemhortalleida.cat/?page_id=67" />
<meta property="og:locale" content="ca_ES" />
<meta property="og:type" content="article" />
<meta property="og:title" content="Enllaços a noticies - Salvem l&#039;Horta de Lleida" />
<meta property="og:description" content="324 &#8211; La Plataforma Salvem l&#8217;Horta de Lleida sobrepassa les 2.000 al·legacions previstes inicialment &#8220;Conviure amb el risc&#8221;, a &#8220;30 minuts&#8221; Fa gairebé un any i mig Tarragona va viure el pitjor accident de la història de la petroquímica. Tres morts, 8 ferits i desenes de danys materials són algunes de les conseqüències de l&#8217;explosió&hellip; Continueu llegint Enllaços a noticies" />
<meta property="og:url" content="https://salvemhortalleida.cat/?page_id=67" />
<meta property="og:site_name" content="Salvem l&#039;Horta de Lleida" />
<meta property="article:publisher" content="https://www.facebook.com/profile.php?id=100084390865993" />
<meta property="article:modified_time" content="2022-09-25T11:17:54+00:00" />
<meta name="twitter:card" content="summary_large_image" />
<meta name="twitter:site" content="@Slvmhortalleida" />
<meta name="twitter:label1" content="Temps estimat de lectura" />
	<meta name="twitter:data1" content="1 minut" />
<script type="application/ld+json" class="yoast-schema-graph">{"@context":"https:\/\/schema.org","@graph":[{"@type":"WebPage","@id":"https:\/\/salvemhortalleida.cat\/?page_id=67","url":"https:\/\/salvemhortalleida.cat\/?page_id=67","name":"Enllaços a noticies - Salvem l&#039;Horta de Lleida","isPartOf":{"@id":"https:\/\/salvemhortalleida.cat\/#website"},"datePublished":"2022-08-11T11:22:19+00:00","dateModified":"2022-09-25T11:17:54+00:00","breadcrumb":{"@id":"https:\/\/salvemhortalleida.cat\/?page_id=67#breadcrumb"},"inLanguage":"ca","potentialAction":[{"@type":"ReadAction","target":["https:\/\/salvemhortalleida.cat\/?page_id=67"]}]},{"@type":"BreadcrumbList","@id":"https:\/\/salvemhortalleida.cat\/?page_id=67#breadcrumb","itemListElement":[{"@type":"ListItem","position":1,"name":"Inici","item":"https:\/\/salvemhortalleida.cat\/"},{"@type":"ListItem","position":2,"name":"Enllaços a noticies"}]},{"@type":"WebSite","@id":"https:\/\/salvemhortalleida.cat\/#website","url":"https:\/\/salvemhortalleida.cat\/","name":"Salvem l&#039;Horta de Lleida","description":"Es salvar Lleida !!!","publisher":{"@id":"https:\/\/salvemhortalleida.cat\/#organization"},"potentialAction":[{"@type":"SearchAction","target":{"@type":"EntryPoint","urlTemplate":"https:\/\/salvemhortalleida.cat\/?s={search_term_string}"},"query-input":{"@type":"PropertyValueSpecification","valueRequired":true,"valueName":"search_term_string"}}],"inLanguage":"ca"},{"@type":"Organization","@id":"https:\/\/salvemhortalleida.cat\/#organization","name":"Salvem l'Horta de Lleida","url":"https:\/\/salvemhortalleida.cat\/","logo":{"@type":"ImageObject","inLanguage":"ca","@id":"https:\/\/salvemhortalleida.cat\/#\/schema\/logo\/image\/","url":"http:\/\/salvemhortalleida.cat\/wp-content\/uploads\/2022\/08\/cropped-WhatsApp-Image-2022-07-28-at-11.19.36.jpeg","contentUrl":"http:\/\/salvemhortalleida.cat\/wp-content\/uploads\/2022\/08\/cropped-WhatsApp-Image-2022-07-28-at-11.19.36.jpeg","width":512,"height":512,"caption":"Salvem l'Horta de Lleida"},"image":{"@id":"https:\/\/salvemhortalleida.cat\/#\/schema\/logo\/image\/"},"sameAs":["https:\/\/www.facebook.com\/profile.php?id=100084390865993","https:\/\/x.com\/Slvmhortalleida","https:\/\/www.instagram.com\/salvemhortalleida\/"]}]}</script>
<!-- / Yoast SEO plugin. -->

Enllaços a noticies - Salvem l&#039;Horta de Lleida

324 &#8211; La Plataforma Salvem l&#8217;Horta de Lleida sobrepassa les 2.000 al·legacions previstes inicialment &#8220;Conviure amb el risc&#8221;, a &#8220;30 minuts&#8221; Fa gairebé un any i mig Tarragona va viure el pitjor accident de la història de la petroquímica. Tres morts, 8 ferits i desenes de danys materials són algunes de les conseqüències de l&#8217;explosió&hellip; Continueu llegint Enllaços a noticies
